2 (base 6) to base 15.
-26bb
Convert 10001122 (base 4) to base 8.
40132
-2a52 (base 11) to base 5
-111204
Convert -330 (base 7) to base 14.
-c0
-289 (base 13) to base 5
-3301
-12753 (base 11) to base 14
-68c8
Convert 1046 (base 7) to base 16.
179
What is 14c (base 15) in base 8?
451
What is -1300320 (base 4) in base 2?
-1110000111000
What is -16779 (base 11) in base 2?
-101110000001000
Convert 210 (base 3) to base 13.
18
Convert 342c (base 15) to base 4.
2230323
What is -864 (base 11) in base 2?
-10000001110
-343255 (base 6) to base 11
-1aa97
Convert 11011 (base 3) to base 6.
304
Convert 211020 (base 3) to base 11.
4a6
-260 (base 10) to base 3
-100122
Convert 300022 (base 4) to base 12.
194a
Convert 1a790 (base 11) to base 14.
a761
What is 46a5 (base 13) in base 10?
9937
Convert 4b0 (base 16) to base 8.
2260
Convert 121212212 (base 3) to base 14.
46b2
-12121011 (base 3) to base 2
-111111110001
What is -1053 (base 10) in base 6?
-4513
-2153 (base 15) to base 12
-40b9
-2001003 (base 5) to base 13
-11389
What is 2361 (base 9) in base 3?
2102001
Convert 102022 (base 3) to base 14.
17b
1220000110 (base 3) to base 16
9147
What is -1545 (base 13) in base 3?
-11020210
1400 (base 7) to base 9
658
What is -36562 (base 7) in base 12?
-563a
What is 2032 (base 12) in base 16?
da6
Convert 6720 (base 12) to base 14.
4224
125a (base 13) to base 14
d46
ab98 (base 12) to base 8
45044
Convert -125e (base 15) to base 5.
-111124
What is -2b1c (base 16) in base 4?
-2230130
What is -111100200 (base 3) in base 2?
-10011000001010
-101111101001111 (base 2) to base 7
-131064
What is -1325 (base 10) in base 9?
-1732
-200200 (base 3) to base 10
-504
Convert -260 (base 10) to base 13.
-170
What is -101001111000 (base 2) in base 3?
-10200021
What is 2002311 (base 5) in base 6?
402113
Convert -10be (base 15) to base 16.
-de2
Convert -10b4 (base 13) to base 11.
-1841
a5 (base 14) to base 9
171
11aa3 (base 11) to base 7
101265
What is -2481 (base 9) in base 3?
-2112201
3275 (base 9) to base 7
10022
What is -14429 (base 11) in base 6?
-234452
-ac0 (base 15) to base 16
-97e
-2000202112 (base 3) to base 12
-1b128
2523 (base 8) to base 6
10151
-211002022 (base 3) to base 14
-5c20
What is -3331 (base 12) in base 3?
-21202101
Convert 480 (base 11) to base 7.
1445
47137 (base 10) to base 6
1002121
1350 (base 6) to base 14
1b4
What is 15626 (base 7) in base 14?
1886
300 (base 10) to base 14
176
What is 5a8c (base 14) in base 6?
201100
What is 323111 (base 4) in base 7?
14033
-220 (base 15) to base 8
-740
What is -532 (base 11) in base 7?
-1603
What is 648 (base 10) in base 5?
10043
Convert -188 (base 9) to base 11.
-137
Convert -1101 (base 16) to base 8.
-10401
-11110000 (base 2) to base 11
-1a9
52a2 (base 12) to base 9
13365
4622 (base 7) to base 13
9c5
What is -4500 (base 8) in base 5?
-33433
Convert -10000121 (base 3) to base 5.
-32303
-e83 (base 16) to base 3
-12002121
-114ec (base 15) to base 16
-d752
-855 (base 9) to base 6
-3122
Convert 2366 (base 10) to base 16.
93e
What is 2366 (base 11) in base 14?
11b3
Convert -2235 (base 11) to base 14.
-1102
Convert -c120 (base 15) to base 12.
-1b703
Convert 3d4 (base 14) to base 7.
2154
-23130 (base 4) to base 5
-10412
-15b (base 15) to base 10
-311
What is -1242 (base 5) in base 13?
-122
What is -132233 (base 4) in base 15?
-8b2
96a2 (base 16) to base 10
38562
-2001112 (base 4) to base 10
-8278
What is 1a (base 15) in base 12?
21
2415 (base 6) to base 16
24b
What is -b015 (base 15) in base 14?
-d773
What is -11202002 (base 3) in base 8?
-6602
What is -33 (base 11) in base 16?
-24
92 (base 14) to base 10
128
Convert 11613 (base 10) to base 7.
45600
What is 1263 (base 9) in base 7?
2523
4eb4 (base 15) to base 10
16819
Convert -2a6 (base 11) to base 12.
-25a
4736 (base 12) to base 9
11826
-1000000202 (base 3) to base 2
-100110011110111
-44db (base 14) to base 11
-8a87
What is -42630 (base 8) in base 9?
-26385
2033 (base 12) to base 14
13b9
What is -13b3 (base 15) in base 9?
-5706
Convert 380 (base 10) to base 16.
17c
-567 (base 11) to base 4
-22212
Convert 1bbb (base 14) to base 2.
1001111001001
2024003 (base 5) to base 8
100353
815 (base 12) to base 7
3260
-1631 (base 11) to base 5
-31331
Convert 6a8 (base 16) to base 6.
11520
What is 9378 (base 15) in base 5?
1444123
Convert 532 (base 9) to base 10.
434
Convert -59b (base 12) to base 16.
-347
Convert -319 (base 12) to base 6.
-2033
What is 1100111021 (base 3) in base 7?
140362
-3a1 (base 13) to base 5
-10023
Convert a053 (base 11) to base 16.
3438
What is -1100111111011 (base 2) in base 3?
-100010100
Convert 23110 (base 4) to base 16.
2d4
What is -24a1 (base 11) in base 15?
-e72
-69b (base 13) to base 11
-949
Convert 23110 (base 6) to base 15.
e8c
Convert -51d6 (base 15) to base 10.
-17301
What is 10076 (base 9) in base 7?
25221
Convert 2b3 (base 12) to base 7.
1143
Convert 310203 (base 4) to base 3.
11121120
What is 2201122 (base 3) in base 5?
30423
c68 (base 15) to base 10
2798
Convert 28 (base 16) to base 8.
50
Convert -46 (base 15) to base 2.
-1000010
Convert 420124 (base 5) to base 14.
504d
Convert 129b (base 14) to base 3.
11111020
-1040513 (base 6) to base 8
-145475
Convert -36163 (base 7) to base 6.
-111151
What is -441432 (base 5) in base 9?
-22815
Convert 894 (base 10) to base 9.
1203
What is 101011110011011 (base 2) in base 13?
a292
Convert 4813 (base 11) to base 5.
200211
Convert -12123 (base 5) to base 16.
-391
What is 38308 (base 9) in base 7?
135056
What is 264 (base 9) in base 3?
22011
Convert 215 (base 14) to base 9.
506
What is 10cb5 (base 13) in base 14?
b2b7
-34a4 (base 14) to base 5
-243120
-12115 (base 10) to base 8
-27523
What is 47aa (base 12) in base 15?
25ba
-43340 (base 5) to base 8
-5632
-899 (base 10) to base 6
-4055
Convert 5155 (base 7) to base 2.
11100001100
What is 357 (base 10) in base 14?
1b7
25607 (base 8) to base 14
40bd
-10 (base 11) to base 8
-13
Convert -21250 (base 6) to base 4.
-231132
What is -2c55 (base 14) in base 8?
-17353
What is 35044 (base 6) in base 8?
11604
Convert -223120 (base 4) to base 7.
-11044
Convert 22111 (base 4) to base 7.
1633
What is -2022340 (base 5) in base 9?
-50044
Convert e05 (base 16) to base 8.
7005
2877 (base 10) to base 5
43002
Convert 2232 (base 4) to base 3.
20110
What is 13bd (base 14) in base 13?
1792
What is 3332 (base 4) in base 5?
2004
What is -1204 (base 8) in base 12?
-458
733 (base 12) to base 7
3024
3622 (base 14) to base 10
9438
What is -3792 (base 12) in base 10?
-6302
-54310 (base 8) to base 14
-83d6
Convert -3315 (base 8) to base 12.
-1011
Convert 100304 (base 5) to base 13.
15c6
What is -124 (base 10) in base 5?
-444
What is 100101 (base 2) in base 4?
211
What is -1583 (base 15) in base 12?
-2813
Convert b6c (base 14) to base 4.
203030
104021 (base 5) to base 9
4880
-131131 (base 6) to base 7
-46540
What is -32301 (base 8) in base 12?
-7995
What is 3a36 (base 11) in base 16?
147a
Convert -22331311 (base 4) to base 13.
-175a2
3421 (base 12) to base 4
1122121
-245031 (base 8) to base 10
-84505
Convert 3332 (base 4) to base 12.
192
What is -136062 (base 7) in base 8?
-63000
Convert 214 (base 9) to base 11.
14a
-1005 (base 6) to base 3
-22012
Convert -2046 (base 13) to base 4.
-1011210
What is 4502 (base 11) in base 3?
22010200
1244104 (base 6) to base 12
33634
Convert 9 (base 14) to base 10.
9
Convert 43224 (base 7) to base 13.
4b7b
What is -5101 (base 10) in base 11?
-3918
-d979 (base 14) to base 5
-2200133
What is -223 (base 5) in base 12?
-53
Convert 10922 (base 16) to base 6.
1242122
Convert -64 (base 11) to base 9.
-77
Convert 2602 (base 7) to base 9.
1311
1041252 (base 6) to base 4
30233000
-261 (base 9) to base 2
-11011001
Convert -1001010100100010 (base 2) to base 11.
-26758
Convert 50265 (base 7) to base 15.
3900
What is 4024210 (base 5) in base 14?
19613
What is -2430 (base 6) in base 10?
-594
Convert -688 (base 14) to base 8.
-2420
What is -2200 (base 6) in base 11?
-419
What is 3090 (base 10) in base 13?
1539
Convert 455 (base 12) to base 13.
3a4
Convert 128d (base 16) to base 12.
28b9
Convert 1650 (base 8) to base 15.
426
Convert 233223 (base 4) to base 3.
11012000
-4398 (base 10) to base 16
-112e
-222401 (base 6) to base 14
-6b73
1633 (base 12) to base 2
101001000111
1542 (base 10) to 